4 - (-31 + 11)?
43
Calculate (1 - 5) + (3 + 24 - -13 - (-4 - 0)).
40
Calculate -1 + (-9 - -1) + -71 + -1 + (271 - 313).
-123
Evaluate 187 + -322 - (-225 - -4).
86
What is -9 + 31 - (73 + -41)?
-10
-4 + -1 + (-62 + 170 - 108)
-5
Evaluate 54 - (-104 + 31 + 51).
76
Evaluate 2 - (46 - 34) - 9.
-19
What is 2 + -20 + 8 + (1 - -6 - -2)?
-1
What is 17 + 50 + -24 + (12 - 9)?
46
26 - (99 + -88) - 72
-57
Calculate (-1 - -10) + (-249 - -231) + -3 - 0 - -36.
24
(0 - 8) + 1 + (-113 - (2 - 67)) + 5
-50
Calculate (77 - -8) + (-580 - -499).
4
What is (-17 - 0) + -37 + (6 - (-30 + 36))?
-54
Evaluate -104 + 3 + -3 + (-3 - -7) + -398 + 397.
-101
Evaluate -1 + 1 + 1 + (-5 - 20) + 22.
-2
What is (7 - -5 - 33) + -17?
-38
Calculate -18 - -2 - ((-49 - -89) + -23).
-33
Evaluate 84 - (31 + (-42 - -28) - 33).
100
Calculate (33 - 48) + -42 + 26.
-31
63 - -25 - 45 - 67
-24
Calculate (21 - (94 - (-3 + 29))) + (-1 - (-10 - -1)).
-39
What is the value of (6 + -68 - -66) + (0 + (-3 - 7) - -2)?
-4
Evaluate 8 + -15 + 20 + -10 + (18 - 2).
19
6 + 0 + (6 - (35 + -20)) - 46
-49
Calculate -16 + (13 - -23) + -25 - -20.
15
2 - -19 - (921 + -817)
-83
What is the value of -11 + -17 + 8 + 21 + 45?
46
21 - (72 - 1 - 3)
-47
What is the value of -81 - (-38 + 76) - (2 - 5 - (-1 - -6))?
-111
-9 - -5 - (-7 + 14 - (7 + -13) - 65)
48
Calculate 43 - (-17 + 13 + -14) - -8.
69
Calculate -67 + (-31 - -41) + 131.
74
Evaluate 15 + (-54 - -39 - (-28 + -6)).
34
Calculate -60 + 156 + -67 - 43.
-14
Evaluate -32 - -4 - (-109 - -102).
-21
What is -121 - (20 + (7 - 269))?
121
Evaluate (878 - 751) + -146 + 6.
-13
-2268 - -2085 - (-68 - 2)
-113
What is the value of 49 + ((-2 - -36) + -2 - 15) + -8 + 0?
58
What is the value of -18 + 11 + 18 + -26 + -14?
-29
What is the value of -11 + (10 + -12 - 21) + 4?
-30
Calculate -73 + (200 - 120) - (9 + (0 - -2) + 1).
-5
Calculate (-5 - 50 - -4) + (-39 - -31) + -5.
-64
-23 - (-51 + 60 + (4 - 4))
-32
What is -48 - (-103 + (14 - -16))?
25
Calculate 2 + (-8 - 0) + (-27 - (7 + -40)) - 25.
-25
What is 4 + -4 - (91 - 52 - 14)?
-25
-9 + 32 + -4 + (5 - (3 + -4))
25
What is 9 + (-69 - (-25 + 11 + -16 + 13))?
-43
What is (7 - -30) + 40 + -55?
22
What is -77 + 75 + (12 - 47)?
-37
What is (-7 - (5 - 8)) + -14 + -13 + 15?
-16
What is the value of (-28 - (-31 + -30)) + -15 + (-117 - 0)?
-99
Evaluate 0 + 0 + -20 + -217 + 439 + -208.
-6
What is (-1 - (11 + -2)) + (148 - (59 - 36))?
115
What is 0 - 0 - 52 - (-56 + 43 - -2)?
-41
Calculate -16063 + 16023 + (0 + 1 - (2 - -1)).
-42
(-41 - -49) + (-2 - 4 - -3) - -40
45
Calculate -5 - 19 - (11 - (-81 + 236)).
120
What is the value of -8 + (-27 - (-78 + -68))?
111
(17 + (-5 - 7) - 10 - -10) + (-1 - 11)
-7
What is 0 + 0 + (-11 - 1) + 12 - (20 + -21)?
1
1 - -10 - ((-50 - -40) + -9 + 1)
29
(62 - 61) + (-44 - (-4 + 11)) + 2
-48
Calculate (170 + -52 - 46) + -63.
9
(-97 + 76 - 86) + 22
-85
What is 5 + -102 + (27 - 4) - -26?
-48
(-3 + -11 - -9) + (-12 + 18 - 54 - 4)
-57
Calculate -2 + -43 + -2 + (1057 - 1055).
-45
Evaluate -28 + (-25 - -15) - 8 - (-2 + 1).
-45
What is the value of 8 - ((3 - (4 + 4 - 16) - -5) + 2)?
-10
Evaluate (-8 - -6) + 6 + 4 + 7.
15
Calculate (-42 - (57 + -53)) + 7.
-39
What is the value of (1511 - 1565) + -1 + 73?
18
What is the value of 25 + 12 + -29 + (12 - -12) + 9?
41
What is (54 - 71 - 0) + 16 + (2 - 32)?
-31
(29 + 26 - 64) + -2 + -1 + (-74 - 1)
-87
Evaluate 17 + -9 - (-5 - (12 + -24)).
1
Evaluate 2 + 4 + 2 - (8 - (67 + -8)) - -3.
62
What is the value of -38 - (6 - ((50 - 21) + -15 - (3 + -1)))?
-32
What is the value of (0 - -15) + (183 - 91 - 82)?
25
Evaluate -7 + (15 + -27 - 16) + 2.
-33
Calculate (73 - 172) + -22 + 76.
-45
What is 4 - (25 + (18 + -37 - -11))?
-13
Calculate 147 - 134 - (-90 - -28).
75
(-59 - (-16 + (-32 - -25))) + (24 - 4)
-16
What is (-37 - (28 + -26)) + 17 + 88?
66
12 - 3 - (61 + 3 + (-115 - -92))
-32
35 - (18 + -68) - 15
70
Evaluate (-30 - (-54 + 18)) + 6 + -1 + -52.
-41
What is the value of (6 - (11 + -2 - 8)) + 1 + 3 + 8?
17
What is -22 + (16 - (-38 - -31)) + -21?
-20
What is the value of (-180 - -318) + -51 + -10 + 1?
78
What is -55 + 2 + -3 + ((-14 - 5) + -50 - -56)?
-69
What is the value of 5 - (5 - 5) - 6 - (-310 - -221)?
88
What is the value of -9 + (-95 - -71 - -138)?
105
Evaluate -1 + -42 + 27 + 55.
39
-132 + (-47 - -4 - -57 - 16)
-134
What is the value of 26 + 1 + -5 + 11 + -21 + 27?
39
What is -46 - -5 - (3 - (6 + (23 - 14)))?
-29
What is the value of (-49 - -66) + -42 - -26?
1
What is -89 - (5 - 174) - (31 - -1)?
48
3 - 110 - (-590 - -524)
-41
Calculate (-10 + -36 - 1) + (-115 - -78).
-84
What is -14 - (-16 + -17) - (53 - 3)?
-31
-54 + (-15 + 24 - 5 - (1 + -1))
-50
-3209 + 3251 + -1 + -150
-109
Evaluate 0 + -4 + (12 + -15 + -7 - -31) + -22.
-5
What is -6 + (3 + -6 - -18) - (-32 + 120) - 11?
-90
-1 - (2 - -25) - (4132 + -4149)
-11
Evaluate (-10 - 45) + (4 - 1) + -12 + (1 - -10).
-53
1 + -1 - -1 - (-787 + 762)
26
Calculate -43 - ((23 - -14 - 28) + -23 + 0).
-29
What is the value of -13 + 1 - (-550 - -543)?
-5
What is -136 - -13 - -37 - (-5 + 4)?
-85
What is the value of (-182 - -169) + 1 + -8 - -28?
8
Evaluate (1514 - 1549) + 1 + 36.
2
What is the value of 17 + -1 + -17 + -3 + -86?
-90
Calculate (-24 - (-27 + -55)) + -48.
10
82 - (-7 - ((5 - -8) + -6)) - 14 - 6
76
What is (-53 - 0) + 118 + -123 - (-3 + 1 + -6)?
-50
Evaluate 37 + (18 - -1 - (397 - 383)) - -8.
50
(10 - (73 + 2 - -2)) + -1 + 8 + -3
-63
Evaluate (-1 - -32) + (-1 - -1) + (-6992 - -6987).
26
Evaluate 57 - 5 - 43 - 27.
-18
Evaluate 2 + 28 - (-15 - (-16 + (-24 - -11))).
16
Evaluate (-33 - (-49 - -22 - -10)) + -19.
-35
What is (5 - 1) + (-9 + 13 - 29) + 31?
10
What is the value of 45 - -33 - -36 - 87?
27
What is -39 + -4 + -4 + 16 + 12?
-19
What is the value of 8 - (-8 - 0) - (0 - -1) - 170?
-155
Calculate -92 - -2 - (6 - 16 - (-54 - (-38 + 9))).
-105
Evaluate 10 + -3 - (45 + -93 + (1 - -18)).
36
Evaluate -2 - -3 - (-44 + -1 + (16 - 34)).
64
(-2 - 2 - 7) + 65 + -2 + -1
51
What is the value of -50 - -78 - (229 - 119)?
-82
Evaluate (7 + -9 - (-53 + 45)) + 13 + -1.
18
Calculate 0 + -1 - (-27 + (13 - 72)) - (-1 + 0).
86
-5 - (31 - 16) - -19 - 33
-34
Evaluate 39 + -5 + (-3 - 10) - 71.
-50
Evaluate 7 + (34 - -4) - (-13 + 2 + -7 - -8).
55
Evaluate (6 - 5) + 45 - ((-46 - -23) + 15).
54
What is 2 - (2 - 2) - (0 - ((-11 - -16) + 85))?
92
75 + 19 + (5 + -37 - 8) + 6
60
Calculate (0 - -14) + (1 + -46 - (729 - 739)).
-21
Evaluate 5 + -1 + 15 + -235 + 234.
18
What is (-114 - 2) + (14 - (-5 + -1 + 5))?
-101
Calculate 21 + 0 + -5 - (-41 + 121 + 25).
-89
What is 882 + -890 - (-6 + 2 - -2) - -31?
25
Calculate (-6 - (-39 - -5)) + -3 + 11 + -4.
32
Evaluate -39 - (54 - -8 - 37).
-64
What is the value of -105 + (-5 - (-140 + 103))?
-73
What is the value of (5 + 0 + 5 - 3) + -13 + 11 - -22?
27
Calculate (99 - 73) + (-7 + -19 - (2 + -7)).
5
What is 2 - (63 + -29 + 11)?
-43
Calculate 6 + -2 + -3 + -3 + (13 + -10 - 2).
-1
Calculate -12 + (-45 - -95) - (-3 + 6 + -4).
39
What is the value of -23 - 1 - (-6 + -9 - (-4 + -2))?
-15
Calculate (0 - 0) + 0 + -10 + -8 + 18.
0
Evaluate (-9 - -12 - 13 - -7 - 5) + -46.
-54
Calculate 0 + 5 - (-10059 + 10071).
-7
-24 - (-22 - (30 + -13))
15
What is the value of -13 - (-21 + 57 + 19)?
-68
What is the value of ((-22 - -31) + -2 + -8 - 28) + 12?
-17
What is 74 + 0 + (-38 - (-55 + 61 - 40))?
70
What is the value of 152 + -139 - (21 - 4)?
-4
What is 15 + -1 + 9 + (-5 - -6) + -23?
1
Calculate 72 + -76 - (-1 + (-2 - -7) + 17).
-25
What is 20 + (-15 + 10 - (-3 + -10 + 11 + -14))?
31
What is 5 - (-27 - -29 - -42 - 113)?
74
What is the value of 14 - (19 - (-14 + 16)) - (19 - (2 - -1))?
-19
Calculate 2 + 40 + -9 + 10 + -6.
37
-40 - -110 - (43 + 23)
4
-47 + (57 - 16) + -4
-10
19 + -49 - ((12 - 28) + 11)
-25
Evaluate -17 + 0 - (-3715 + 3718).
-20
-8 + -14 + 0 + -1 + -25
-48
What is the value of -34 + 33 - (1 - -15 - 7)?
-10
What is the value of 3028 - 3018 - ((-3 - -2) + -6)?
17
Calculate 21 + 13 + 16 + -38 + -39.
-27
What is the value of (-33 - ((19 - 6) + -35)) + -11?
-22
Evaluate 3589 + -3601 - ((-2 - -3) + 7).
-20
Calculate 97 - (-95 - -250) - (-1 + 1 + 1 + 2).
-61
Calculate (9 - 17) + 0 + 15 + (2 - 16).
-7
What is -39 - -41 - (-52 + (2 - (-11 + 8)))?
49
-61 - 1 - -1 - -1 - (-1 - (-4 + 15))
-48
What is the value of -43 + 54 - -30 -